er when (r/25)/(10/(-75)) is divided by s?
6
Let i(w) = w**2 + 13*w + 3. What is the remainder when i(10) is divided by 47?
45
Suppose 4*v - 3*h = -3 + 24, 0 = v - 5*h - 18. Suppose 0 = 5*q - v*r - 62, 4*q - 16 - 8 = -4*r. What is the remainder when 2/(-6)*29*-6 is divided by q?
8
Suppose 3*o + 0 = 3*l - 18, 2*l - 5*o = 18. Suppose 0 = -l*p + 48 - 0. Suppose -12*w = -11*w - p. What is the remainder when w is divided by 3?
0
Let w = 432 + -415. What is the remainder when 268 is divided by w?
13
Let x be (-6)/10 + 193/5. Let g = x - 14. What is the remainder when g is divided by (20 - -6)*(-1)/(-2)?
11
Let j(n) = -n + 27. Let a(g) = -4. Let o(u) = -28*a(u) - 4*j(u). Calculate the remainder when 78 is divided by o(4).
18
Suppose 0 = -11*v + 438 + 596. Suppose 2*n - 31 - 17 = 0. Calculate the remainder when v is divided by n.
22
Let y be -1 + 0 + 6*5. Suppose -3*s = -2*s - y. Let i(g) = -22*g - 32. What is the remainder when i(-4) is divided by s?
27
Suppose 4*l = 3*l + 15. Let r be (-44)/6*l/(-10). Suppose -o + r + 1 = 0. Calculate the remainder when 47 is divided by o.
11
Let n(f) = 2*f - 7*f**3 + 6*f**2 + 18 + 8*f**3 - 4. Let k be n(-6). Suppose -3*c + 65 = k*c. What is the remainder when 50 is divided by c?
11
Let s = -48 + 50. Suppose s*g - 27 = -u, -15 = -g - u - u. What is the remainder when g is divided by 7?
6
Suppose 0 = -2*w + 2*p + 138, 2*p - 341 = -5*w + 6*p. Calculate the remainder when w is divided by 45.
20
Suppose 7*c = 19*c - 696. Calculate the remainder when c is divided by 30.
28
Suppose 0 = d - 16 + 11. Suppose 85 = d*f + 5*k, 0 = -0*f + f + 3*k - 17. What is the remainder when 31 is divided by f?
14
Let w = -1 + 59. Suppose -2*f + 0*t + 20 = 2*t, 4*f - 3*t - 5 = 0. Suppose -15 = f*i - 6*i. Calculate the remainder when w is divided by i.
13
Let o = -610 + 617. Calculate the remainder when 34 is divided by o.
6
Suppose 4*w - 14 = -22. Calculate the remainder when 31 is divided by (51 + 4)*w/(-10).
9
Suppose 0 = -9*k + 26*k - 5712. Calculate the remainder when k is divided by 34.
30
Suppose -1 = -w - 26. Let l = 30 + w. Suppose 3*t = 5*i + 83, 3*t - 97 = t - l*i. Calculate the remainder when 141 is divided by t.
33
Let l = 364 + 324. What is the remainder when l is divided by 53?
52
Let t = 367 + -305. What is the remainder when 292 is divided by t?
44
What is the remainder when -1*255/(-6) - (-6)/(-12) is divided by 22*(-3 + (-21)/(-6))?
9
Suppose -g = -4*n + 16, -4*g = 8*n - 3*n + 1. Suppose 3*x + 10 = -2*x, 0 = -n*r + 3*x + 93. Let u = 28 + 27. What is the remainder when u is divided by r?
26
Let l(h) = -h**3 + 10*h**2 + 19*h - 15. Let y be l(12). Let p be 2/(-8) + (-82)/(-8). Calculate the remainder when 59 is divided by (y/p)/((-3)/8).
19
Let g = -30 - -62. What is the remainder when 103 is divided by g?
7
What is the remainder when -294*(-6)/16 + (-3)/(-4) is divided by 14?
13
Let w = -4 + 27. Suppose 0 = -2*n + 3 - 1. Let m(u) = 46*u - 1. Calculate the remainder when m(n) is divided by w.
22
Suppose 4*q = -53 + 893. Suppose -12*i + q = -2*i. Calculate the remainder when i is divided by 12.
9
Let x(w) be the third derivative of 0*w + 1/2*w**3 + 2*w**2 - 1/24*w**4 + 0. Calculate the remainder when x(-4) is divided by 5.
2
Let g = -164 + 185. Calculate the remainder when 46 is divided by g.
4
Let x = -563 - -566. What is the remainder when 70 is divided by x?
1
Let y(s) = -7*s**3 - s**2 - 3. Let i(k) = k**3. Let v(a) = -i(a) + y(a). Let c be v(-3). Let m = -123 + c. Calculate the remainder when m is divided by 28.
25
Let s be (3/(-2))/(3/20). Let o = -6 - s. What is the remainder when (-1)/((-330)/82 + o) is divided by 14?
13
Suppose 271 + 44 = 15*i. What is the remainder when 176 is divided by i?
8
Let k = -940 + 1213. What is the remainder when k is divided by 90?
3
Suppose 5*g - 6*g = 3*d + 1, 5*d = g - 31. Calculate the remainder when 151 is divided by g.
8
Let x(s) = s - 3. What is the remainder when (-36)/(-3) + -2 - 3 is divided by x(9)?
1
Let s(r) = r**3 - 8*r**2 + 6*r + 11. What is the remainder when s(13) is divided by 24?
22
What is the remainder when 275/15*((-70)/(-20) - 4/8) is divided by 6/5*70/3?
27
Let s = 125 + -115. Suppose -o + 45 = -2. Calculate the remainder when o is divided by s.
7
Let a(s) = -5*s + 137. Calculate the remainder when 177 is divided by a(27).
1
Suppose 0 = 2*c - 19 - 15. Suppose 35*g - 1594 - 738 + 232 = 0. What is the remainder when g is divided by c?
9
Suppose -2*v - 15 = -5*v. What is the remainder when 1 + (-7)/(-14)*26 is divided by v?
4
Let k(y) = 47*y**2 - 4*y - 4. Let r be k(-2). Let i = r + -35. What is the remainder when i is divided by 16?
13
Suppose 27*x = 2*w + 25*x - 608, -3*x = -5*w + 1524. What is the remainder when w is divided by 155?
151
Suppose 2*u = -0*u - 6. Suppose 4*a = -a - 5*c + 85, -5*a = -3*c - 53. Calculate the remainder when (u - -23) + (-6)/(-2) is divided by a.
10
Suppose 4*p - 68 = -4*d, 0 = -p - 5*d - 0*d + 33. What is the remainder when 36 is divided by p?
10
Suppose 11*f = 5*f + 60. Let c be (-2)/(-11) - 2856/(-22). Let q = -92 + c. What is the remainder when q is divided by f?
8
Let m = -18 + 23. Suppose -u - 2*u + 16 = 2*d, -m*d - 5*u + 35 = 0. Suppose 3*t = 4*t - 4*b - 29, d*t - 145 = -b. What is the remainder when t is divided by 16?
13
Suppose 0*w + 6*w - 18 = 0. Suppose 52 = 4*c - 5*x, 4*c - 65 = -c + w*x. Let i = 8 - -42. What is the remainder when i is divided by c?
11
Let n(r) = -5*r**3 - 6*r**2 + 10*r + 14. Let i be n(-5). Suppose 7*b = -54 + i. Calculate the remainder when b is divided by 2/(8/(-58))*-2.
26
Let o(v) = -v**3 + 6*v**2 + 10*v - 9. Let y = 67 + -34. What is the remainder when y is divided by o(7)?
9
Suppose -78 = -5*b - 2*t, 16 + 14 = b + 4*t. Calculate the remainder when (-6)/(-27) - (-358)/9 is divided by b.
12
Let c be 54/(-30) + 1/(-5). Suppose 5*t + 110 = -4*u + 22, 0 = -2*t - u - 34. Calculate the remainder when 9 is divided by 9/c*t/12.
3
Suppose -6*j + 7*j = 6. Suppose -3*s - j*i = -2*i - 35, -55 = -5*s - 5*i. Calculate the remainder when s is divided by 4.
1
Let p = 22 - 18. Suppose -108 = -p*z - 24. Suppose 5*h - 3*c - 157 = h, 5*h - 5*c - 195 = 0. Calculate the remainder when h is divided by z.
19
Let t = -162 - -224. What is the remainder when t is divided by 20?
2
Suppose -7*g + 6 = -29. Suppose -3*u = -6 - 3, -p - g*u = -16. Calculate the remainder when p is divided by 1.
0
Let q = -1471 - -1604. Calculate the remainder when q is divided by 59.
15
Let h(x) = x**2 - 2*x - 15. Let l be h(10). Let c = -40 - -7. Let z = l + c. What is the remainder when z is divided by 17?
15
Suppose 0 = j - 0*y - 2*y - 6, -2*y = 0. Let a be j/30 - 748/(-10). Let h = a - 54. Calculate the remainder when h is divided by 8.
5
Suppose 0 = -119*h + 112*h + 140. What is the remainder when 114 is divided by h?
14
Suppose -41*j + 44*j = 24. What is the remainder when 16*-3*4/(-16) is divided by j?
4
Let b(j) = 20*j - 135. What is the remainder when b(9) is divided by 4?
1
Suppose 4*t = -3*h + 297, 192 + 100 = 4*t + 4*h. What is the remainder when t is divided by 19?
2
Suppose -2*n = -k + 19, -n - k = -5*k + 6. Let q = n + 20. Suppose 0 = 2*r - 3*r + 19. Calculate the remainder when r is divided by q.
9
Suppose 3*l + 5*h + 1662 = 7*l, 3*h = 5*l - 2071. Suppose -28 = 7*w - l. Let p(y) = -y**2 - 9*y. Calculate the remainder when w is divided by p(-7).
13
Suppose 0 = -3*o + 3*p - p + 35, 5*o = 3*p + 57. What is the remainder when 9 is divided by o?
0
Let c = -165 - -167. Let x = 48 - 9. Suppose c*l - x = -l. What is the remainder when 51 is divided by l?
12
Suppose -d = -1 - 52. What is the remainder when d is divided by (6 + -39 + 2)/(-1)?
22
Let y = 448 - 337. What is the remainder when y is divided by 16?
15
Let q(z) = -5*z**3 - 2. Let m be ((-58)/5)/((-12)/30). Let d = m + 5. What is the remainder when q(-3) is divided by d?
31
Let f = -45 - -66. Let u = f - 6. What is the remainder when u is divided by 10?
5
Let y be (-108)/(-8)*(-1 + 3). Let v = 54 - y. Calculate the remainder when 52 is divided by v.
25
Let j = 446 + -239. What is the remainder when j is divided by 21?
18
What is the remainder when 465 is divided by (5*1/15)/(3/351)?
36
Suppose 4*f + 203 = 5*o + 6*f, -5*o + 3*f + 208 = 0. Calculate the remainder when (-362)/(-3) + (-